{"id":1281,"date":"2020-05-14T21:49:03","date_gmt":"2020-05-14T21:49:03","guid":{"rendered":"http:\/\/ietsjb.edu.co\/?page_id=1281"},"modified":"2020-05-14T23:12:11","modified_gmt":"2020-05-14T23:12:11","slug":"inventario-biblioteca-sjb","status":"publish","type":"page","link":"https:\/\/ietsjb.edu.co\/index.php\/inventario-biblioteca-sjb\/","title":{"rendered":"Inventario Biblioteca SJB"},"content":{"rendered":"<a href=\"https:\/\/ietsjb.edu.co\/wp-content\/uploads\/2020\/05\/INVENTARIO-BIBLIOTECA.pdf\" class=\"pdfemb-viewer\" style=\"width:670px;\" data-width=\"670\" data-height=\"max\" data-toolbar=\"top\" data-toolbar-fixed=\"on\">INVENTARIO-BIBLIOTECA<\/a>\n<p class=\"wp-block-pdfemb-pdf-embedder-viewer\"><\/p>\n\n\n\n<h3 class=\"wp-block-heading\">Equipos de c\u00f3mputo<\/h3>\n\n\n<a href=\"https:\/\/ietsjb.edu.co\/wp-content\/uploads\/2020\/05\/INVENTARIO-BIBLIOTECA2.pdf\" class=\"pdfemb-viewer\" style=\"width:670px;\" data-width=\"670\" data-height=\"max\" data-toolbar=\"top\" data-toolbar-fixed=\"on\">INVENTARIO-BIBLIOTECA2<\/a>\n<p class=\"wp-block-pdfemb-pdf-embedder-viewer\"><\/p>\n\n\n\n<h3 class=\"wp-block-heading\">Equipos de comunicaci\u00f3n <\/h3>\n\n\n<a href=\"https:\/\/ietsjb.edu.co\/wp-content\/uploads\/2020\/05\/INVENTARIO-BIBLIOTECA3.pdf\" class=\"pdfemb-viewer\" style=\"width:670px;\" data-width=\"670\" data-height=\"max\" data-toolbar=\"top\" data-toolbar-fixed=\"on\">INVENTARIO-BIBLIOTECA3<\/a>\n<p class=\"wp-block-pdfemb-pdf-embedder-viewer\"><\/p>\n\n\n\n<h3 class=\"wp-block-heading\">Equipos de m\u00fasica<\/h3>\n\n\n<a href=\"https:\/\/ietsjb.edu.co\/wp-content\/uploads\/2020\/05\/INVENTARIO-BIBLIOTECA4.pdf\" class=\"pdfemb-viewer\" style=\"width:670px;\" data-width=\"670\" data-height=\"max\" data-toolbar=\"top\" data-toolbar-fixed=\"on\">INVENTARIO-BIBLIOTECA4<\/a>\n<p class=\"wp-block-pdfemb-pdf-embedder-viewer\"><\/p>\n\n\n\n<h3 class=\"wp-block-heading\">Equipo de cocina<\/h3>\n\n\n<a href=\"https:\/\/ietsjb.edu.co\/wp-content\/uploads\/2020\/05\/INVENTARIO-BIBLIOTECA5.pdf\" class=\"pdfemb-viewer\" style=\"width:670px;\" data-width=\"670\" data-height=\"max\" data-toolbar=\"top\" data-toolbar-fixed=\"on\">INVENTARIO-BIBLIOTECA5<\/a>\n<p class=\"wp-block-pdfemb-pdf-embedder-viewer\"><\/p>\n\n\n\n<h3 class=\"wp-block-heading\">Utensilios de cocina<\/h3>\n\n\n<a href=\"https:\/\/ietsjb.edu.co\/wp-content\/uploads\/2020\/05\/INVENTARIO-BIBLIOTECA6.pdf\" class=\"pdfemb-viewer\" style=\"width:670px;\" data-width=\"670\" data-height=\"max\" data-toolbar=\"top\" data-toolbar-fixed=\"on\">INVENTARIO-BIBLIOTECA6<\/a>\n<p class=\"wp-block-pdfemb-pdf-embedder-viewer\"><\/p>\n\n\n\n<h3 class=\"wp-block-heading\">Equipo de educaci\u00f3n f\u00edsica<\/h3>\n\n\n<a href=\"https:\/\/ietsjb.edu.co\/wp-content\/uploads\/2020\/05\/INVENTARIO-BIBLIOTECA7.pdf\" class=\"pdfemb-viewer\" style=\"width:670px;\" data-width=\"670\" data-height=\"max\" data-toolbar=\"top\" data-toolbar-fixed=\"on\">INVENTARIO-BIBLIOTECA7<\/a>\n<p class=\"wp-block-pdfemb-pdf-embedder-viewer\"><\/p>\n\n\n\n<h3 class=\"wp-block-heading\">Equipo medico &#8211; cient\u00edfico<\/h3>\n\n\n<a href=\"https:\/\/ietsjb.edu.co\/wp-content\/uploads\/2020\/05\/INVENTARIO-BIBLIOTECA8.pdf\" class=\"pdfemb-viewer\" style=\"width:670px;\" data-width=\"670\" data-height=\"max\" data-toolbar=\"top\" data-toolbar-fixed=\"on\">INVENTARIO-BIBLIOTECA8<\/a>\n<p class=\"wp-block-pdfemb-pdf-embedder-viewer\"><\/p>\n\n\n\n<h3 class=\"wp-block-heading\">Equipo de ense\u00f1anza<\/h3>\n\n\n<a href=\"https:\/\/ietsjb.edu.co\/wp-content\/uploads\/2020\/05\/INVENTARIO-BIBLIOTECA9.pdf\" class=\"pdfemb-viewer\" style=\"width:670px;\" data-width=\"670\" data-height=\"max\" data-toolbar=\"top\" data-toolbar-fixed=\"on\">INVENTARIO-BIBLIOTECA9<\/a>\n<p class=\"wp-block-pdfemb-pdf-embedder-viewer\"><\/p>\n\n\n\n<h3 class=\"wp-block-heading\">Libros y Mapotecas<\/h3>\n\n\n<a href=\"https:\/\/ietsjb.edu.co\/wp-content\/uploads\/2020\/05\/INVENTARIO-BIBLIOTECA10.pdf\" class=\"pdfemb-viewer\" style=\"width:670px;\" data-width=\"670\" data-height=\"max\" data-toolbar=\"top\" data-toolbar-fixed=\"on\">INVENTARIO-BIBLIOTECA10<\/a>\n<p class=\"wp-block-pdfemb-pdf-embedder-viewer\"><\/p>\n","protected":false},"excerpt":{"rendered":"<p>Equipos de c\u00f3mputo Equipos de comunicaci\u00f3n Equipos de m\u00fasica Equipo de cocina Utensilios de cocina&#8230;<\/p>\n","protected":false},"author":5,"featured_media":0,"parent":0,"menu_order":0,"comment_status":"closed","ping_status":"closed","template":"","meta":{"_joinchat":[],"footnotes":""},"class_list":["post-1281","page","type-page","status-publish","hentry"],"_links":{"self":[{"href":"https:\/\/ietsjb.edu.co\/index.php\/wp-json\/wp\/v2\/pages\/1281","targetHints":{"allow":["GET"]}}],"collection":[{"href":"https:\/\/ietsjb.edu.co\/index.php\/wp-json\/wp\/v2\/pages"}],"about":[{"href":"https:\/\/ietsjb.edu.co\/index.php\/wp-json\/wp\/v2\/types\/page"}],"author":[{"embeddable":true,"href":"https:\/\/ietsjb.edu.co\/index.php\/wp-json\/wp\/v2\/users\/5"}],"replies":[{"embeddable":true,"href":"https:\/\/ietsjb.edu.co\/index.php\/wp-json\/wp\/v2\/comments?post=1281"}],"version-history":[{"count":6,"href":"https:\/\/ietsjb.edu.co\/index.php\/wp-json\/wp\/v2\/pages\/1281\/revisions"}],"predecessor-version":[{"id":1303,"href":"https:\/\/ietsjb.edu.co\/index.php\/wp-json\/wp\/v2\/pages\/1281\/revisions\/1303"}],"wp:attachment":[{"href":"https:\/\/ietsjb.edu.co\/index.php\/wp-json\/wp\/v2\/media?parent=1281"}],"curies":[{"name":"wp","href":"https:\/\/api.w.org\/{rel}","templated":true}]}}